{"id":25,"date":"2014-04-04T11:14:08","date_gmt":"2014-04-04T09:14:08","guid":{"rendered":"http:\/\/localhost:8080\/?page_id=25"},"modified":"2023-05-17T07:42:29","modified_gmt":"2023-05-17T05:42:29","slug":"styrelsen","status":"publish","type":"page","link":"https:\/\/nybergsettan.se\/?page_id=25","title":{"rendered":"Styrelsen"},"content":{"rendered":"<p>V\u00e5r styrelse best\u00e5r av fem\u00a0ledam\u00f6ter.<\/p>\n<p><strong>Wolfgang Voit<\/strong><br \/>\nFrihetsv\u00e4gen 20<br \/>\n177 53 J\u00e4rf\u00e4lla<br \/>\nTfn: 0739 \u2013 84 78 76<\/p>\n<p><strong>Stefan Sj\u00f6qvist<\/strong><br \/>\nFrihetsv\u00e4gen 16<br \/>\n177 53 J\u00e4rf\u00e4lla<br \/>\nTfn: 0706 \u2013 52 66 00<\/p>\n<p><strong>Per Hellqvist<\/strong><br \/>\nFrihetsv\u00e4gen 22<br \/>\n177 53 J\u00e4rf\u00e4lla<br \/>\nTfn: 0731 \u2013 06 19 88<\/p>\n<p><strong>Jenny Klerevall<\/strong><br \/>\nFrihetsv\u00e4gen 22<br \/>\n177 53 J\u00e4rf\u00e4lla<br \/>\nTfn: 0704 \u2013 66 32 23<\/p>\n<p><strong>Tim Haraldsen<\/strong><br \/>\nFrihetsv\u00e4gen 20<br \/>\n177 53 J\u00e4rf\u00e4lla<br \/>\nTfn: 0735 \u2013 12 77 33<\/p>\n<p><strong>Kontakta styrelsen<\/strong><br \/>\n<div style=\"display:none\" class=\"fm-form-container fm-theme38\"><div id=\"fm-pages13\" class=\"fm-pages wdform_page_navigation \" show_title=\"false\" show_numbers=\"true\" type=\"none\"><\/div><form name=\"form13\" action=\"\/index.php?rest_route=%2Fwp%2Fv2%2Fpages%2F25\" method=\"post\" id=\"form13\" class=\"fm-form form13  \" enctype=\"multipart\/form-data\"><input type=\"hidden\" id=\"fm_page_id13\" value=\"25\" name=\"fm_page_id13\" \/><input type=\"hidden\" id=\"fm_current_post_type13\" value=\"page\" name=\"fm_current_post_type13\" \/><input type=\"hidden\" id=\"counter13\" value=\"7\" name=\"counter13\" \/><input type=\"hidden\" id=\"Itemid13\" value=\"\" name=\"Itemid13\" \/><input type=\"hidden\" id=\"fm_shake13\" value=\"1\" name=\"fm_shake13\" \/><input type=\"text\" class=\"fm-hide\" id=\"fm_empty_field_validation13\" value=\"\" name=\"fm_empty_field_validation13\" data-value=\"bd736efb144d599cf463541431fbf5c4\" \/><div class=\"wdform-page-and-images fm-form-builder\" style=\"display:table; border-top:0px solid black;\"><div id=\"13form_view1\" class=\"wdform_page\" page_title=\"Untitled page\" next_title=\"Next\" next_type=\"text\" next_class=\"wdform-page-button\" next_checkable=\"false\" previous_title=\"Previous\" previous_type=\"text\" previous_class=\"wdform-page-button\" previous_checkable=\"false\"><div class=\"wdform_section fm-col-1\" style=\"position: relative; left: 0px; top: 0px;\" id=\"cur_column\"><div class=\"wdform_column\"><div wdid=\"1\" class=\"wdform_row\"><div type=\"type_name\" class=\"wdform-field wd-width-100 wd-flex wd-flex-column fm-type_name\" ><div class=\"wdform-label-section wd-width-100  wd-flex-row\" style=\"max-width: 100px;\">    <label  for=\"wdform_1_element_first13\" class=\"wdform-label\">Namn:<\/label><span class=\"wdform-required\">*<\/span><\/div><div class=\"wdform-element-section wd-flex  wd-flex-row wd-width-100\" style=\"max-width: 300px;\"><div class=\"wd-flex wd-flex-column wd-width-50\"><input type=\"text\" class=\"wd-width-100\" id=\"wdform_1_element_first13\" name=\"wdform_1_element_first13\" data-value=\"F\u00f6rnamn\" value=\"F\u00f6rnamn\" title=\"\" placeholder=\"\"  \/><label class=\"mini_label\" for=\"wdform_1_element_first13\"><\/label><\/div><div class=\"wd-flex wd-flex-column wd-name-separator\"><\/div><div class=\"wd-flex wd-flex-column wd-width-50\"><input type=\"text\" class=\"wd-width-100\" id=\"wdform_1_element_last13\" name=\"wdform_1_element_last13\" data-value=\"Efternamn\" value=\"Efternamn\" title=\"\" placeholder=\"\"  \/><label class=\"mini_label\" for=\"wdform_1_element_last13\"><\/label><\/div><\/div><\/div><\/div><\/div><div class=\"wdform_column\"><div wdid=\"6\" class=\"wdform_row\" style=\"position: relative; left: 0px; top: 0px;\"><div type=\"type_phone_new\" class=\"wdform-field wd-width-100 wd-flex wd-flex-column fm-type_phone_new\" ><div class=\"wdform-label-section wd-width-100 \">    <label  for=\"wdform_6_element13\" class=\"wdform-label\">Telefon:<\/label><\/div><div class=\"wdform-element-section wd-flex  wd-width-100\" style=\"max-width: 300px;\"><input type=\"text\"                       class=\"wd-width-100\"                       id=\"wdform_6_element13\"                       name=\"wdform_6_element13\"                       value=\"\"                       data-value=\"\"                       placeholder=\"\"  \/><\/div><\/div><\/div><\/div><div class=\"wdform_column\"><div wdid=\"3\" class=\"wdform_row\" style=\"position: relative; left: 0px; top: 0px;\"><div type=\"type_submitter_mail\" class=\"wdform-field wd-width-100 wd-flex wd-flex-column fm-type_submitter_mail\" ><div class=\"wdform-label-section wd-width-100  wd-flex-row\" style=\"max-width: 100px;\">    <label  for=\"wdform_3_element13\" class=\"wdform-label\">E-mail:<\/label><\/div><div class=\"wdform-element-section wd-flex  wd-flex-row wd-width-100\" style=\"max-width: 300px;\"><input type=\"text\" class=\"wd-width-100\" id=\"wdform_3_element13\" name=\"wdform_3_element13\" data-value=\"\" value=\"\" title=\"\" placeholder=\"\"   onchange=\"wd_check_email('3', '13', 'Detta \u00e4r inte en giltig e-postadress.')\" \/><\/div><\/div><\/div><\/div><div class=\"wdform_column\"><div wdid=\"4\" class=\"wdform_row\"><div type=\"type_textarea\" class=\"wdform-field wd-width-100 wd-flex wd-flex-column fm-type_textarea\" ><div class=\"wdform-label-section wd-width-100 \" style=\"max-width: 100px;\">    <label  for=\"wdform_4_element13\" class=\"wdform-label\">Meddelande:<\/label><\/div><div class=\"wdform-element-section wd-flex  wd-width-100\" style=\"max-width: 300px;\"><textarea class=\"wd-width-100\"                      id=\"wdform_4_element13\"                      name=\"wdform_4_element13\"                      placeholder=\"\"                      data-value=\"\"                      maxlength=\"\"                      style=\"height: 500px;\"                      ><\/textarea><\/div><\/div><\/div><\/div><div class=\"wdform_column\"><div wdid=\"5\" class=\"wdform_row\"><div type=\"type_submit_reset\" class=\"wdform-field wd-width-100 wd-flex wd-flex-column fm-type_submit_reset\" ><div class=\"wdform-element-section wd-flex  wd-flex-row wd-justify-content-left wd-width-100\" ><button  type=\"button\" class=\"button-submit\" onclick=\"fm_submit_form('13');\"  data-ajax=\"0\"><span class=\"fm-submit-loading spinner fm-ico-spinner\"><\/span>Skicka<\/button><button  type=\"button\" class=\"button-reset wd-hidden\" onclick=\"fm_reset_form(13);\" >Reset<\/button><\/div><\/div><\/div><\/div><\/div><div valign=\"top\" class=\"wdform_footer\" style=\"width: 100%;\"><div style=\"width: 100%;\"><div style=\"width: 100%; display: table; padding-top:10px;\"><div style=\"display: table-row-group;\"><div id=\"13page_nav1\" style=\"display: table-row;\"><\/div><\/div><\/div><\/div><\/div><\/div><\/div><div class=\"wdform_preload\"><\/div><input type=\"hidden\" name=\"fm-current-page\" value=\"https:\/\/nybergsettan.se\/index.php?rest_route=%2Fwp%2Fv2%2Fpages%2F25\" \/><\/form><\/div><\/p>\n","protected":false},"excerpt":{"rendered":"<p>V\u00e5r styrelse best\u00e5r av fem\u00a0ledam\u00f6ter. Wolfgang Voit Frihetsv\u00e4gen 20 177 53 J\u00e4rf\u00e4lla Tfn: 0739 \u2013 84 78 76 Stefan Sj\u00f6qvist Frihetsv\u00e4gen 16 177 53 J\u00e4rf\u00e4lla Tfn: 0706 \u2013 52 66 00 Per Hellqvist Frihetsv\u00e4gen 22 177 53 J\u00e4rf\u00e4lla Tfn: 0731 \u2013 06 19 88 Jenny Klerevall Frihetsv\u00e4gen 22 177 53 J\u00e4rf\u00e4lla Tfn: 0704 \u2013 66 [&hellip;]<\/p>\n","protected":false},"author":1,"featured_media":0,"parent":16,"menu_order":0,"comment_status":"open","ping_status":"open","template":"","meta":{"footnotes":""},"class_list":["post-25","page","type-page","status-publish","hentry"],"yoast_head":"<!-- This site is optimized with the Yoast SEO plugin v24.6 - https:\/\/yoast.com\/wordpress\/plugins\/seo\/ -->\n<title>Styrelsen - BRF NYBERGSETTAN<\/title>\n<meta name=\"robots\" content=\"index, follow, max-snippet:-1, max-image-preview:large, max-video-preview:-1\" \/>\n<link rel=\"canonical\" href=\"https:\/\/nybergsettan.se\/?page_id=25\" \/>\n<meta property=\"og:locale\" content=\"sv_SE\" \/>\n<meta property=\"og:type\" content=\"article\" \/>\n<meta property=\"og:title\" content=\"Styrelsen - BRF NYBERGSETTAN\" \/>\n<meta property=\"og:description\" content=\"V\u00e5r styrelse best\u00e5r av fem\u00a0ledam\u00f6ter. Wolfgang Voit Frihetsv\u00e4gen 20 177 53 J\u00e4rf\u00e4lla Tfn: 0739 \u2013 84 78 76 Stefan Sj\u00f6qvist Frihetsv\u00e4gen 16 177 53 J\u00e4rf\u00e4lla Tfn: 0706 \u2013 52 66 00 Per Hellqvist Frihetsv\u00e4gen 22 177 53 J\u00e4rf\u00e4lla Tfn: 0731 \u2013 06 19 88 Jenny Klerevall Frihetsv\u00e4gen 22 177 53 J\u00e4rf\u00e4lla Tfn: 0704 \u2013 66 [&hellip;]\" \/>\n<meta property=\"og:url\" content=\"https:\/\/nybergsettan.se\/?page_id=25\" \/>\n<meta property=\"og:site_name\" content=\"BRF NYBERGSETTAN\" \/>\n<meta property=\"article:modified_time\" content=\"2023-05-17T05:42:29+00:00\" \/>\n<meta name=\"twitter:card\" content=\"summary_large_image\" \/>\n<script type=\"application\/ld+json\" class=\"yoast-schema-graph\">{\"@context\":\"https:\/\/schema.org\",\"@graph\":[{\"@type\":\"WebPage\",\"@id\":\"https:\/\/nybergsettan.se\/?page_id=25\",\"url\":\"https:\/\/nybergsettan.se\/?page_id=25\",\"name\":\"Styrelsen - BRF NYBERGSETTAN\",\"isPartOf\":{\"@id\":\"https:\/\/nybergsettan.se\/#website\"},\"datePublished\":\"2014-04-04T09:14:08+00:00\",\"dateModified\":\"2023-05-17T05:42:29+00:00\",\"breadcrumb\":{\"@id\":\"https:\/\/nybergsettan.se\/?page_id=25#breadcrumb\"},\"inLanguage\":\"sv-SE\",\"potentialAction\":[{\"@type\":\"ReadAction\",\"target\":[\"https:\/\/nybergsettan.se\/?page_id=25\"]}]},{\"@type\":\"BreadcrumbList\",\"@id\":\"https:\/\/nybergsettan.se\/?page_id=25#breadcrumb\",\"itemListElement\":[{\"@type\":\"ListItem\",\"position\":1,\"name\":\"Hem\",\"item\":\"https:\/\/nybergsettan.se\/\"},{\"@type\":\"ListItem\",\"position\":2,\"name\":\"Om f\u00f6reningen\",\"item\":\"https:\/\/nybergsettan.se\/?page_id=16\"},{\"@type\":\"ListItem\",\"position\":3,\"name\":\"Styrelsen\"}]},{\"@type\":\"WebSite\",\"@id\":\"https:\/\/nybergsettan.se\/#website\",\"url\":\"https:\/\/nybergsettan.se\/\",\"name\":\"BRF NYBERGSETTAN\",\"description\":\"\",\"publisher\":{\"@id\":\"https:\/\/nybergsettan.se\/#organization\"},\"potentialAction\":[{\"@type\":\"SearchAction\",\"target\":{\"@type\":\"EntryPoint\",\"urlTemplate\":\"https:\/\/nybergsettan.se\/?s={search_term_string}\"},\"query-input\":{\"@type\":\"PropertyValueSpecification\",\"valueRequired\":true,\"valueName\":\"search_term_string\"}}],\"inLanguage\":\"sv-SE\"},{\"@type\":\"Organization\",\"@id\":\"https:\/\/nybergsettan.se\/#organization\",\"name\":\"BRF NYBERGSETTAN\",\"url\":\"https:\/\/nybergsettan.se\/\",\"logo\":{\"@type\":\"ImageObject\",\"inLanguage\":\"sv-SE\",\"@id\":\"https:\/\/nybergsettan.se\/#\/schema\/logo\/image\/\",\"url\":\"https:\/\/nybergsettan.se\/wp-content\/uploads\/2016\/03\/framsidan-1024x768.jpg\",\"contentUrl\":\"https:\/\/nybergsettan.se\/wp-content\/uploads\/2016\/03\/framsidan-1024x768.jpg\",\"width\":1024,\"height\":768,\"caption\":\"BRF NYBERGSETTAN\"},\"image\":{\"@id\":\"https:\/\/nybergsettan.se\/#\/schema\/logo\/image\/\"}}]}<\/script>\n<!-- \/ Yoast SEO plugin. -->","yoast_head_json":{"title":"Styrelsen - BRF NYBERGSETTAN","robots":{"index":"index","follow":"follow","max-snippet":"max-snippet:-1","max-image-preview":"max-image-preview:large","max-video-preview":"max-video-preview:-1"},"canonical":"https:\/\/nybergsettan.se\/?page_id=25","og_locale":"sv_SE","og_type":"article","og_title":"Styrelsen - BRF NYBERGSETTAN","og_description":"V\u00e5r styrelse best\u00e5r av fem\u00a0ledam\u00f6ter. Wolfgang Voit Frihetsv\u00e4gen 20 177 53 J\u00e4rf\u00e4lla Tfn: 0739 \u2013 84 78 76 Stefan Sj\u00f6qvist Frihetsv\u00e4gen 16 177 53 J\u00e4rf\u00e4lla Tfn: 0706 \u2013 52 66 00 Per Hellqvist Frihetsv\u00e4gen 22 177 53 J\u00e4rf\u00e4lla Tfn: 0731 \u2013 06 19 88 Jenny Klerevall Frihetsv\u00e4gen 22 177 53 J\u00e4rf\u00e4lla Tfn: 0704 \u2013 66 [&hellip;]","og_url":"https:\/\/nybergsettan.se\/?page_id=25","og_site_name":"BRF NYBERGSETTAN","article_modified_time":"2023-05-17T05:42:29+00:00","twitter_card":"summary_large_image","schema":{"@context":"https:\/\/schema.org","@graph":[{"@type":"WebPage","@id":"https:\/\/nybergsettan.se\/?page_id=25","url":"https:\/\/nybergsettan.se\/?page_id=25","name":"Styrelsen - BRF NYBERGSETTAN","isPartOf":{"@id":"https:\/\/nybergsettan.se\/#website"},"datePublished":"2014-04-04T09:14:08+00:00","dateModified":"2023-05-17T05:42:29+00:00","breadcrumb":{"@id":"https:\/\/nybergsettan.se\/?page_id=25#breadcrumb"},"inLanguage":"sv-SE","potentialAction":[{"@type":"ReadAction","target":["https:\/\/nybergsettan.se\/?page_id=25"]}]},{"@type":"BreadcrumbList","@id":"https:\/\/nybergsettan.se\/?page_id=25#breadcrumb","itemListElement":[{"@type":"ListItem","position":1,"name":"Hem","item":"https:\/\/nybergsettan.se\/"},{"@type":"ListItem","position":2,"name":"Om f\u00f6reningen","item":"https:\/\/nybergsettan.se\/?page_id=16"},{"@type":"ListItem","position":3,"name":"Styrelsen"}]},{"@type":"WebSite","@id":"https:\/\/nybergsettan.se\/#website","url":"https:\/\/nybergsettan.se\/","name":"BRF NYBERGSETTAN","description":"","publisher":{"@id":"https:\/\/nybergsettan.se\/#organization"},"potentialAction":[{"@type":"SearchAction","target":{"@type":"EntryPoint","urlTemplate":"https:\/\/nybergsettan.se\/?s={search_term_string}"},"query-input":{"@type":"PropertyValueSpecification","valueRequired":true,"valueName":"search_term_string"}}],"inLanguage":"sv-SE"},{"@type":"Organization","@id":"https:\/\/nybergsettan.se\/#organization","name":"BRF NYBERGSETTAN","url":"https:\/\/nybergsettan.se\/","logo":{"@type":"ImageObject","inLanguage":"sv-SE","@id":"https:\/\/nybergsettan.se\/#\/schema\/logo\/image\/","url":"https:\/\/nybergsettan.se\/wp-content\/uploads\/2016\/03\/framsidan-1024x768.jpg","contentUrl":"https:\/\/nybergsettan.se\/wp-content\/uploads\/2016\/03\/framsidan-1024x768.jpg","width":1024,"height":768,"caption":"BRF NYBERGSETTAN"},"image":{"@id":"https:\/\/nybergsettan.se\/#\/schema\/logo\/image\/"}}]}},"_links":{"self":[{"href":"https:\/\/nybergsettan.se\/index.php?rest_route=\/wp\/v2\/pages\/25","targetHints":{"allow":["GET"]}}],"collection":[{"href":"https:\/\/nybergsettan.se\/index.php?rest_route=\/wp\/v2\/pages"}],"about":[{"href":"https:\/\/nybergsettan.se\/index.php?rest_route=\/wp\/v2\/types\/page"}],"author":[{"embeddable":true,"href":"https:\/\/nybergsettan.se\/index.php?rest_route=\/wp\/v2\/users\/1"}],"replies":[{"embeddable":true,"href":"https:\/\/nybergsettan.se\/index.php?rest_route=%2Fwp%2Fv2%2Fcomments&post=25"}],"version-history":[{"count":8,"href":"https:\/\/nybergsettan.se\/index.php?rest_route=\/wp\/v2\/pages\/25\/revisions"}],"predecessor-version":[{"id":377,"href":"https:\/\/nybergsettan.se\/index.php?rest_route=\/wp\/v2\/pages\/25\/revisions\/377"}],"up":[{"embeddable":true,"href":"https:\/\/nybergsettan.se\/index.php?rest_route=\/wp\/v2\/pages\/16"}],"wp:attachment":[{"href":"https:\/\/nybergsettan.se\/index.php?rest_route=%2Fwp%2Fv2%2Fmedia&parent=25"}],"curies":[{"name":"wp","href":"https:\/\/api.w.org\/{rel}","templated":true}]}}